{"id":19241,"date":"2025-05-13T23:33:21","date_gmt":"2025-05-13T23:33:21","guid":{"rendered":"https:\/\/ahmetsavasan.com\/?page_id=19241"},"modified":"2025-06-05T18:35:59","modified_gmt":"2025-06-05T18:35:59","slug":"kongre-ve-konferanslar","status":"publish","type":"page","link":"https:\/\/ahmetsavasan.com\/en\/kongre-ve-konferanslar\/","title":{"rendered":"Congresses and Conferences"},"content":{"rendered":"<div data-elementor-type=\"wp-page\" data-elementor-id=\"19241\" class=\"elementor elementor-19241\">\n\t\t\t\t<div class=\"elementor-element elementor-element-ad9a5d4 e-flex e-con-boxed e-con e-parent\" data-id=\"ad9a5d4\" data-element_type=\"container\" data-e-type=\"container\">\n\t\t\t\t\t<div class=\"e-con-inner\">\n\t\t\t\t<div class=\"elementor-element elementor-element-1cbb239 elementor-widget elementor-widget-text-editor\" data-id=\"1cbb239\" data-element_type=\"widget\" data-e-type=\"widget\" data-widget_type=\"text-editor.default\">\n\t\t\t\t<div class=\"elementor-widget-container\">\n\t\t\t\t\t\t\t\t\t<p>In the January 23, 2022 early general elections, Dr. Ahmet Sava\u015fan entered the Republican Assembly as Nicosia MP and as of January 2025, he has been serving as the Deputy Group Deputy Chairman of the National Unity Party. Taking an active role in legislative work, Sava\u015fan actively contributed to more than 100 legislative works between 2022-2024 within the framework of his membership of the Republican Assembly Administrative, Public and Health Affairs Committee and the Ad Hoc and Special Committee established to discuss the European Union Harmonization Draft Laws.<\/p>\t\t\t\t\t\t\t\t<\/div>\n\t\t\t\t<\/div>\n\t\t\t\t\t<\/div>\n\t\t\t\t<\/div>\n\t\t<div class=\"elementor-element elementor-element-acab589 e-flex e-con-boxed e-con e-parent\" data-id=\"acab589\" data-element_type=\"container\" data-e-type=\"container\">\n\t\t\t\t\t<div class=\"e-con-inner\">\n\t\t\t\t<div class=\"elementor-element elementor-element-098f48c elementor-widget elementor-widget-shortcode\" data-id=\"098f48c\" data-element_type=\"widget\" data-e-type=\"widget\" data-widget_type=\"shortcode.default\">\n\t\t\t\t<div class=\"elementor-widget-container\">\n\t\t\t\t\t\t\t<div class=\"elementor-shortcode\">\n<table id=\"tablepress-2\" class=\"tablepress tablepress-id-2\">\n<thead>\n<tr class=\"row-1\">\n\t<th class=\"column-1\">Year<\/th><th class=\"column-2\">Event Name<\/th><th class=\"column-3\">History<\/th>\n<\/tr>\n<\/thead>\n<tbody class=\"row-striping row-hover\">\n<tr class=\"row-2\">\n\t<td class=\"column-1\">2024<\/td><td class=\"column-2\">6th Global Healthcare Travel Conference<\/td><td class=\"column-3\">April 18-20<\/td>\n<\/tr>\n<tr class=\"row-3\">\n\t<td class=\"column-1\">2024<\/td><td class=\"column-2\">6th Global Healthcare Travel Forum<\/td><td class=\"column-3\">April 18-20<\/td>\n<\/tr>\n<tr class=\"row-4\">\n\t<td class=\"column-1\">2024<\/td><td class=\"column-2\">Congress on Fertility and Udder Health in Farm Animals<\/td><td class=\"column-3\">April 25-28<\/td>\n<\/tr>\n<tr class=\"row-5\">\n\t<td class=\"column-1\">2023<\/td><td class=\"column-2\">Congress on Fertility and Udder Health in Farm Animals<\/td><td class=\"column-3\">April 27-30<\/td>\n<\/tr>\n<tr class=\"row-6\">\n\t<td class=\"column-1\">2022<\/td><td class=\"column-2\">Congress on Fertility and Udder Health in Farm Animals<\/td><td class=\"column-3\">May 26-29<\/td>\n<\/tr>\n<tr class=\"row-7\">\n\t<td class=\"column-1\">2021<\/td><td class=\"column-2\">Congress on Fertility and Udder Health in Farm Animals<\/td><td class=\"column-3\">November 11-14<\/td>\n<\/tr>\n<tr class=\"row-8\">\n\t<td class=\"column-1\">2019<\/td><td class=\"column-2\">Congress on Fertility and Udder Health in Farm Animals<\/td><td class=\"column-3\">April 04-07<\/td>\n<\/tr>\n<tr class=\"row-9\">\n\t<td class=\"column-1\">2018<\/td><td class=\"column-2\">National Veterinary Surgery Congress<\/td><td class=\"column-3\">September 20-23<\/td>\n<\/tr>\n<tr class=\"row-10\">\n\t<td class=\"column-1\">2018<\/td><td class=\"column-2\">International Congress on Animal Foods<\/td><td class=\"column-3\">November 08-11<\/td>\n<\/tr>\n<tr class=\"row-11\">\n\t<td class=\"column-1\">2018<\/td><td class=\"column-2\">Congress on Fertility and Udder Health in Farm Animals<\/td><td class=\"column-3\">April 26-29<\/td>\n<\/tr>\n<tr class=\"row-12\">\n\t<td class=\"column-1\">2017<\/td><td class=\"column-2\">International NPP 2017 Symposium and Workshop<\/td><td class=\"column-3\">April 03-05<\/td>\n<\/tr>\n<tr class=\"row-13\">\n\t<td class=\"column-1\">2017<\/td><td class=\"column-2\">North Cyprus Emergency Medicine Days<\/td><td class=\"column-3\">April 15th<\/td>\n<\/tr>\n<tr class=\"row-14\">\n\t<td class=\"column-1\">2017<\/td><td class=\"column-2\">Congress on Fertility and Udder Health in Farm Animals<\/td><td class=\"column-3\">April 27-30<\/td>\n<\/tr>\n<tr class=\"row-15\">\n\t<td class=\"column-1\">2016<\/td><td class=\"column-2\">National Pharmaceutical Chemistry Congress<\/td><td class=\"column-3\">April 29-May 01<\/td>\n<\/tr>\n<tr class=\"row-16\">\n\t<td class=\"column-1\">2016<\/td><td class=\"column-2\">4th International Soil Mechanics Conference<\/td><td class=\"column-3\">July 02-04<\/td>\n<\/tr>\n<tr class=\"row-17\">\n\t<td class=\"column-1\">2016<\/td><td class=\"column-2\">International Congress on Animal Foods<\/td><td class=\"column-3\">November 10-13<\/td>\n<\/tr>\n<tr class=\"row-18\">\n\t<td class=\"column-1\">2015<\/td><td class=\"column-2\">IBMEC-2015 (Biomedical Engineering Congress)<\/td><td class=\"column-3\">March 12-14<\/td>\n<\/tr>\n<tr class=\"row-19\">\n\t<td class=\"column-1\">2015<\/td><td class=\"column-2\">TRNC Water Supply Project Meeting<\/td><td class=\"column-3\">July 30-August 01<\/td>\n<\/tr>\n<tr class=\"row-20\">\n\t<td class=\"column-1\">2015<\/td><td class=\"column-2\">IQA Workshop (Islamic World Quality Organizations)<\/td><td class=\"column-3\">May 28-29<\/td>\n<\/tr>\n<tr class=\"row-21\">\n\t<td class=\"column-1\">2014<\/td><td class=\"column-2\">Congress on Herd Health in Dairy Cattle Enterprises<\/td><td class=\"column-3\">May 22-25<\/td>\n<\/tr>\n<tr class=\"row-22\">\n\t<td class=\"column-1\">2014<\/td><td class=\"column-2\">Cyprus International Conference on Educational Research<\/td><td class=\"column-3\">January 29-February 02<\/td>\n<\/tr>\n<tr class=\"row-23\">\n\t<td class=\"column-1\">2013<\/td><td class=\"column-2\">Climic Hepatitis Academy Meeting<\/td><td class=\"column-3\">January 24-26<\/td>\n<\/tr>\n<tr class=\"row-24\">\n\t<td class=\"column-1\">2012<\/td><td class=\"column-2\">International Hadith Specialized Symposium<\/td><td class=\"column-3\">April 26-29<\/td>\n<\/tr>\n<tr class=\"row-25\">\n\t<td class=\"column-1\">2011<\/td><td class=\"column-2\">International E-Health and Telemedicine Conference<\/td><td class=\"column-3\">October 10-12<\/td>\n<\/tr>\n<tr class=\"row-26\">\n\t<td class=\"column-1\">2010<\/td><td class=\"column-2\">World Symposium on Cardiovascular Diseases<\/td><td class=\"column-3\">February 10-13<\/td>\n<\/tr>\n<tr class=\"row-27\">\n\t<td class=\"column-1\">2008<\/td><td class=\"column-2\">IFAP World Farmers Union Meeting<\/td><td class=\"column-3\">November 27-29<\/td>\n<\/tr>\n<tr class=\"row-28\">\n\t<td class=\"column-1\">2007<\/td><td class=\"column-2\">International Conference on the Environment: Life and Sustainability<\/td><td class=\"column-3\">February 19-24<\/td>\n<\/tr>\n<tr class=\"row-29\">\n\t<td class=\"column-1\">2005<\/td><td class=\"column-2\">International Literary Feast<\/td><td class=\"column-3\">October 23-28<\/td>\n<\/tr>\n<tr class=\"row-30\">\n\t<td class=\"column-1\">2003<\/td><td class=\"column-2\">Soil Mechanics and Geotechnical Engineering Conference<\/td><td class=\"column-3\">May 29-31<\/td>\n<\/tr>\n<\/tbody>\n<\/table>\n<!-- #tablepress-2 from cache --><\/div>\n\t\t\t\t\t\t<\/div>\n\t\t\t\t<\/div>\n\t\t\t\t\t<\/div>\n\t\t\t\t<\/div>\n\t\t\t\t<\/div>","protected":false},"excerpt":{"rendered":"<p>23 Ocak 2022 erken genel se\u00e7iminde Lefko\u015fa Milletvekili olarak Cumhuriyet Meclisi\u2019ne giren Dr. Ahmet Sava\u015fan, Ocak 2025 itibar\u0131yla Ulusal Birlik Partisi Grup Ba\u015fkanvekili olarak g\u00f6revini s\u00fcrd\u00fcrmektedir. Yasama \u00e7al\u0131\u015fmalar\u0131nda etkin bir rol \u00fcstlenen Sava\u015fan, Cumhuriyet Meclisi \u0130dari, Kamu ve Sa\u011fl\u0131k \u0130\u015fleri Komitesi ile Avrupa Birli\u011fi Uyum Yasa Tasar\u0131lar\u0131n\u0131 g\u00f6r\u00fc\u015fmek \u00fczere kurulan Ge\u00e7ici ve \u00d6zel Komite \u00fcyeli\u011fi [&hellip;]<\/p>","protected":false},"author":1,"featured_media":0,"parent":0,"menu_order":0,"comment_status":"closed","ping_status":"closed","template":"elementor_header_footer","meta":{"_monsterinsights_skip_tracking":false,"_monsterinsights_sitenote_active":false,"_monsterinsights_sitenote_note":"","_monsterinsights_sitenote_category":0,"footnotes":""},"class_list":["post-19241","page","type-page","status-publish","hentry"],"aioseo_notices":[],"_links":{"self":[{"href":"https:\/\/ahmetsavasan.com\/en\/wp-json\/wp\/v2\/pages\/19241","targetHints":{"allow":["GET"]}}],"collection":[{"href":"https:\/\/ahmetsavasan.com\/en\/wp-json\/wp\/v2\/pages"}],"about":[{"href":"https:\/\/ahmetsavasan.com\/en\/wp-json\/wp\/v2\/types\/page"}],"author":[{"embeddable":true,"href":"https:\/\/ahmetsavasan.com\/en\/wp-json\/wp\/v2\/users\/1"}],"replies":[{"embeddable":true,"href":"https:\/\/ahmetsavasan.com\/en\/wp-json\/wp\/v2\/comments?post=19241"}],"version-history":[{"count":10,"href":"https:\/\/ahmetsavasan.com\/en\/wp-json\/wp\/v2\/pages\/19241\/revisions"}],"predecessor-version":[{"id":19484,"href":"https:\/\/ahmetsavasan.com\/en\/wp-json\/wp\/v2\/pages\/19241\/revisions\/19484"}],"wp:attachment":[{"href":"https:\/\/ahmetsavasan.com\/en\/wp-json\/wp\/v2\/media?parent=19241"}],"curies":[{"name":"wp","href":"https:\/\/api.w.org\/{rel}","templated":true}]}}

<div data-elementor-type="wp-page" data-elementor-id="19241" class="elementor elementor-19241">
				<div class="elementor-element elementor-element-ad9a5d4 e-flex e-con-boxed e-con e-parent" data-id="ad9a5d4" data-element_type="container" data-e-type="container">
					<div class="e-con-inner">
				<div class="elementor-element elementor-element-1cbb239 elementor-widget elementor-widget-text-editor" data-id="1cbb239" data-element_type="widget" data-e-type="widget" data-widget_type="text-editor.default">
				<div class="elementor-widget-container">
									<p>In the January 23, 2022 early general elections, Dr. Ahmet Savaşan entered the Republican Assembly as Nicosia MP and as of January 2025, he has been serving as the Deputy Group Deputy Chairman of the National Unity Party. Taking an active role in legislative work, Savaşan actively contributed to more than 100 legislative works between 2022-2024 within the framework of his membership of the Republican Assembly Administrative, Public and Health Affairs Committee and the Ad Hoc and Special Committee established to discuss the European Union Harmonization Draft Laws.</p>								</div>
				</div>
					</div>
				</div>
		<div class="elementor-element elementor-element-acab589 e-flex e-con-boxed e-con e-parent" data-id="acab589" data-element_type="container" data-e-type="container">
					<div class="e-con-inner">
				<div class="elementor-element elementor-element-098f48c elementor-widget elementor-widget-shortcode" data-id="098f48c" data-element_type="widget" data-e-type="widget" data-widget_type="shortcode.default">
				<div class="elementor-widget-container">
							<div class="elementor-shortcode">
<table id="tablepress-2" class="tablepress tablepress-id-2">
<thead>
<tr class="row-1">
	<th class="column-1">Year</th><th class="column-2">Event Name</th><th class="column-3">History</th>
</tr>
</thead>
<tbody class="row-striping row-hover">
<tr class="row-2">
	<td class="column-1">2024</td><td class="column-2">6th Global Healthcare Travel Conference</td><td class="column-3">April 18-20</td>
</tr>
<tr class="row-3">
	<td class="column-1">2024</td><td class="column-2">6th Global Healthcare Travel Forum</td><td class="column-3">April 18-20</td>
</tr>
<tr class="row-4">
	<td class="column-1">2024</td><td class="column-2">Congress on Fertility and Udder Health in Farm Animals</td><td class="column-3">April 25-28</td>
</tr>
<tr class="row-5">
	<td class="column-1">2023</td><td class="column-2">Congress on Fertility and Udder Health in Farm Animals</td><td class="column-3">April 27-30</td>
</tr>
<tr class="row-6">
	<td class="column-1">2022</td><td class="column-2">Congress on Fertility and Udder Health in Farm Animals</td><td class="column-3">May 26-29</td>
</tr>
<tr class="row-7">
	<td class="column-1">2021</td><td class="column-2">Congress on Fertility and Udder Health in Farm Animals</td><td class="column-3">November 11-14</td>
</tr>
<tr class="row-8">
	<td class="column-1">2019</td><td class="column-2">Congress on Fertility and Udder Health in Farm Animals</td><td class="column-3">April 04-07</td>
</tr>
<tr class="row-9">
	<td class="column-1">2018</td><td class="column-2">National Veterinary Surgery Congress</td><td class="column-3">September 20-23</td>
</tr>
<tr class="row-10">
	<td class="column-1">2018</td><td class="column-2">International Congress on Animal Foods</td><td class="column-3">November 08-11</td>
</tr>
<tr class="row-11">
	<td class="column-1">2018</td><td class="column-2">Congress on Fertility and Udder Health in Farm Animals</td><td class="column-3">April 26-29</td>
</tr>
<tr class="row-12">
	<td class="column-1">2017</td><td class="column-2">International NPP 2017 Symposium and Workshop</td><td class="column-3">April 03-05</td>
</tr>
<tr class="row-13">
	<td class="column-1">2017</td><td class="column-2">North Cyprus Emergency Medicine Days</td><td class="column-3">April 15th</td>
</tr>
<tr class="row-14">
	<td class="column-1">2017</td><td class="column-2">Congress on Fertility and Udder Health in Farm Animals</td><td class="column-3">April 27-30</td>
</tr>
<tr class="row-15">
	<td class="column-1">2016</td><td class="column-2">National Pharmaceutical Chemistry Congress</td><td class="column-3">April 29-May 01</td>
</tr>
<tr class="row-16">
	<td class="column-1">2016</td><td class="column-2">4th International Soil Mechanics Conference</td><td class="column-3">July 02-04</td>
</tr>
<tr class="row-17">
	<td class="column-1">2016</td><td class="column-2">International Congress on Animal Foods</td><td class="column-3">November 10-13</td>
</tr>
<tr class="row-18">
	<td class="column-1">2015</td><td class="column-2">IBMEC-2015 (Biomedical Engineering Congress)</td><td class="column-3">March 12-14</td>
</tr>
<tr class="row-19">
	<td class="column-1">2015</td><td class="column-2">TRNC Water Supply Project Meeting</td><td class="column-3">July 30-August 01</td>
</tr>
<tr class="row-20">
	<td class="column-1">2015</td><td class="column-2">IQA Workshop (Islamic World Quality Organizations)</td><td class="column-3">May 28-29</td>
</tr>
<tr class="row-21">
	<td class="column-1">2014</td><td class="column-2">Congress on Herd Health in Dairy Cattle Enterprises</td><td class="column-3">May 22-25</td>
</tr>
<tr class="row-22">
	<td class="column-1">2014</td><td class="column-2">Cyprus International Conference on Educational Research</td><td class="column-3">January 29-February 02</td>
</tr>
<tr class="row-23">
	<td class="column-1">2013</td><td class="column-2">Climic Hepatitis Academy Meeting</td><td class="column-3">January 24-26</td>
</tr>
<tr class="row-24">
	<td class="column-1">2012</td><td class="column-2">International Hadith Specialized Symposium</td><td class="column-3">April 26-29</td>
</tr>
<tr class="row-25">
	<td class="column-1">2011</td><td class="column-2">International E-Health and Telemedicine Conference</td><td class="column-3">October 10-12</td>
</tr>
<tr class="row-26">
	<td class="column-1">2010</td><td class="column-2">World Symposium on Cardiovascular Diseases</td><td class="column-3">February 10-13</td>
</tr>
<tr class="row-27">
	<td class="column-1">2008</td><td class="column-2">IFAP World Farmers Union Meeting</td><td class="column-3">November 27-29</td>
</tr>
<tr class="row-28">
	<td class="column-1">2007</td><td class="column-2">International Conference on the Environment: Life and Sustainability</td><td class="column-3">February 19-24</td>
</tr>
<tr class="row-29">
	<td class="column-1">2005</td><td class="column-2">International Literary Feast</td><td class="column-3">October 23-28</td>
</tr>
<tr class="row-30">
	<td class="column-1">2003</td><td class="column-2">Soil Mechanics and Geotechnical Engineering Conference</td><td class="column-3">May 29-31</td>
</tr>
</tbody>
</table>
<!-- #tablepress-2 from cache --></div>
						</div>
				</div>
					</div>
				</div>
				</div>

<p>23 Ocak 2022 erken genel seçiminde Lefkoşa Milletvekili olarak Cumhuriyet Meclisi’ne giren Dr. Ahmet Savaşan, Ocak 2025 itibarıyla Ulusal Birlik Partisi Grup Başkanvekili olarak görevini sürdürmektedir. Yasama çalışmalarında etkin bir rol üstlenen Savaşan, Cumhuriyet Meclisi İdari, Kamu ve Sağlık İşleri Komitesi ile Avrupa Birliği Uyum Yasa Tasarılarını görüşmek üzere kurulan Geçici ve Özel Komite üyeliği [&hellip;]</p>
